). Calculate the highest common divisor of l and 51.
17
Let w(r) = r - 1. Let z(p) = 9. Let x(i) = 6*w(i) + z(i). Let a be x(-3). Let c be 2/a + (-752)/(-15). Calculate the highest common factor of c and 125.
25
Let w = 255 - 60. Suppose y - 78 = -3*r, 3*y - 3*r - 219 - 15 = 0. Calculate the greatest common divisor of w and y.
39
Suppose -i - 96 = -4*h + i, -h - 2*i + 24 = 0. Let k(d) = 2*d + 2. Let z = -16 - -18. Let s be k(z). What is the highest common factor of s and h?
6
Let l(s) = 3*s**3 - s**2 + 9*s - 7. Let i be l(3). Calculate the highest common divisor of i and 1748.
92
Let u(f) be the first derivative of 6*f**2 + 34*f - 35. Let t be u(-10). Let y = 101 + t. Calculate the greatest common factor of 6 and y.
3
Let b be 1/1 + (-615)/(-15). Let j = -9 - -13. Suppose w + 2*c - 8 = 0, -3*c + 68 = j*w + 26. What is the greatest common factor of w and b?
6
Let h be 36 + -11 - 14 - -151. Calculate the greatest common divisor of 15 and h.
3
Suppose -5*j = -3*h - 7 - 8, 5*j - 55 = -5*h. Suppose -p - j = 3*k - 57, 3*k = -5*p + 207. What is the greatest common factor of 13 and p?
13
Let q = 7 + -3. Let z be 360/32 + (-1)/15 + 392/480. Calculate the highest common divisor of z and q.
4
Suppose 4*c - 2*c = 774. Let h be ((-2)/2)/((-7)/77) - -32. Calculate the greatest common factor of c and h.
43
Let d(m) = -1006*m - 2531. Let i be d(-7). What is the highest common factor of 26 and i?
13
Let k = 814 + -676. Suppose 5*o = 3*g + 357, 0 = -0*o - 4*o - 5*g + 293. Suppose o + k = 5*h. What is the highest common factor of 105 and h?
21
Let l be (-1)/(-2)*-3*110/(-33). Suppose k = l, k - 4*k - 129 = -f. What is the greatest common factor of 48 and f?
48
Let d = 3130 + -3085. Calculate the highest common factor of d and 72.
9
Let o be 631/3 + (-30)/9 + 3. Suppose -13*z - 200 = -3*z. Let v be (-275)/z - 3/(-12). Calculate the greatest common factor of v and o.
14
Suppose 20*m - 7*m = -15*m + 39340. What is the highest common divisor of m and 5?
5
Suppose -j - 2 = 2*h, h - 8 = -2*j + 3*h. Suppose 68 = -3*n - 2*y, 0*n + 3*n + 52 = j*y. Let p = n + 45. What is the greatest common factor of p and 25?
25
Let n be (-5 + -2 - -3)*5/(-2). Suppose -n*q + 53 + 287 = 0. Calculate the highest common divisor of 527 and q.
17
Let o = -178 - -177. Let s be (4 - o)*1 + (-98)/(-2). What is the greatest common divisor of 6 and s?
6
Let n be 2/(-4)*(-3 + (-5 - 750)). Let c = n - 249. What is the highest common factor of 10 and c?
10
Suppose 27*b = 34*b - 245. Suppose -20*y = -b*y + 8775. Calculate the greatest common divisor of y and 45.
45
Let i be 2*1/(1/4). Suppose -q = -5*u + 85 + 437, -5*u + 2*q + 519 = 0. Suppose -13*r = -i*r - u. Calculate the greatest common divisor of r and 210.
21
Let z = 738 - 723. Let u(l) = 2*l**2 - 23*l - 50. Let d be u(z). Calculate the highest common factor of 44 and d.
11
Suppose 33*a - 16307 = 1150. Calculate the highest common divisor of 23 and a.
23
Suppose 7*q - 777 = 378. Calculate the highest common factor of 385 and q.
55
Suppose 5*w - 30294 = -2*n, -5*n + 18 - 8 = 0. Calculate the highest common factor of 26 and w.
26
Let y = 19436 + -15852. Calculate the highest common factor of y and 210.
14
Let q = 14243 + -5420. Calculate the highest common factor of 153 and q.
51
Let x(n) = -10*n + 15. Let i(j) = j**3 + 4*j**2 + 2*j + 5. Let w be i(-4). Let q be x(w). What is the greatest common divisor of 495 and q?
45
Suppose -590 = 4*r - 3*a, 5*a - 6 = 2*a. Let x be (-8)/24 - r/6. Let j be ((-3)/5*-3)/((-12)/(-80)). Calculate the greatest common divisor of j and x.
12
Suppose 3*r - 2035 = 5*m, 5*r + 3*m = 5*m + 3379. What is the highest common factor of r and 50?
25
Suppose 3*j = -3*j - 6*j + 780. What is the greatest common factor of j and 40?
5
Let w be (4 + (5 - 7))*((-17394)/(-12) - -3). Calculate the greatest common divisor of w and 21.
7
Let a be (-608)/114*105/(-2). Suppose -a = 5*y - 780. What is the greatest common factor of y and 25?
25
Suppose -d + 97 = -i - i, -4*d = 3*i - 410. Let l = -101 + d. Suppose 8*y - 7*y - 20 = l. What is the greatest common factor of 30 and y?
10
Let c = 12 - 8. Let n = -3048 - -3051. Suppose u = -c*v + 462, -7*v + 2*u + 456 = -n*v. Calculate the greatest common factor of 23 and v.
23
Let j(g) = 3*g + 47. Let o(q) = -10*q + 19. Let c = -45 + 48. Let z be o(c). Let r be j(z). What is the greatest common factor of r and 42?
14
Let x(t) = -t**3 + 36*t**2 + 28*t - 150. Let h be x(32). Calculate the greatest common factor of h and 18.
18
Let o(w) = -w**2 - 2*w - 4. Let f be o(-4). Let u = -6 - f. Let l be -198*((-84)/36)/7. What is the greatest common divisor of l and u?
6
Let v(r) = 4*r**3 - 6*r**2 - 12*r - 40. Let f be v(-6). Let c = -652 - f. Calculate the highest common divisor of 44 and c.
44
Suppose -4*z = -0*z, -x + 5 = -5*z. Suppose -x*s - 324 = 7*s. Let i = s - -57. Calculate the greatest common factor of 10 and i.
10
Suppose 1744 + 6688 = 306*m - 1360. What is the highest common divisor of 96 and m?
32
Suppose -2*w = -2*y - 15 + 1, 0 = -5*w - 5*y + 85. Let g be -32*(-1 - (-6)/w). Calculate the greatest common divisor of g and 944.
16
Let f be (1/2)/(12/2664). Suppose -13*v + 1650 = -326. Suppose v = -5*i + 522. What is the highest common divisor of f and i?
37
Let h be ((-332)/5)/(30/(-300)). What is the greatest common factor of h and 56?
8
Let r(a) = -486*a + 10737. Let g be r(22). Suppose j = -5*u + 2395, 0*u - 3*u - 4*j + 1420 = 0. Calculate the greatest common divisor of g and u.
15
Let z(i) = -5*i**3 + 4*i**2 + 3*i + 3. Let o be z(-2). Let f = 90 - o. Suppose 160 = -33*c + f*c. What is the highest common divisor of c and 320?
40
Let g = 4609 + -3376. What is the greatest common factor of 2603 and g?
137
Let g(i) = -i**2 + 4. Let l be g(3). Let m be (-27)/(-45) - 32/l. Let x = 106 - m. Calculate the highest common divisor of x and 11.
11
Let l = 105 + -65. Let n(h) = 35*h**3 - 2*h**2 + 3*h + 4. Let d be n(-2). Let g = 300 + d. What is the greatest common divisor of g and l?
10
Suppose 12936 = -1145*y + 1167*y. Calculate the greatest common divisor of 12 and y.
12
Let g be (-4 + -18)*-1 - 9. Let r be ((-91)/(-14))/(2/4). Calculate the greatest common factor of g and r.
13
Let q be (-289764)/(-63) + (-9)/21. What is the highest common factor of 73 and q?
73
Let b be 42/9 + 2/6. Suppose -3*q + 6 = -x - 5, -x + 5 = b*q. What is the greatest common factor of 32 and q?
2
Let t(r) = 90*r + 912. Let n be t(0). Calculate the greatest common factor of 400 and n.
16
Let w be 6094/8 + ((-1500)/(-48) - 30). What is the greatest common divisor of w and 545?
109
Suppose 199 = t - 5*z, -161 = -t - 5*z - 2. Suppose -t = -3*x + 424. Let j = x + -129. What is the greatest common divisor of j and 8?
8
Suppose -9*f = -5*f + 12, 0 = 5*r + 2*f - 824. Let w = -142 + r. Calculate the greatest common divisor of w and 312.
24
Suppose -a = 4*s - 1082 + 355, 2*s - 365 = a. Let g = 619 - s. What is the highest common factor of 23 and g?
23
Let b be (57/38)/(9/2112 - 0). Let h(k) = 21*k - 188. Let m be h(12). What is the highest common factor of m and b?
32
Suppose 4*h = -3*k + 70, -73*k - 98 = -78*k - 4*h. Let z be (-4)/4*35*-1. Calculate the highest common factor of z and k.
7
Suppose -3*g - 7*b = -11*b - 1763, 5*g + 5*b - 2915 = 0. Calculate the greatest common factor of 546 and g.
39
Let u(v) = 34*v**2 + 153*v - 10. Let f be u(-6). What is the greatest common divisor of f and 2035?
37
Let z be ((-10)/(-20))/((-2)/(-21)*(-14)/(-312)). Calculate the highest common divisor of 624 and z.
39
Suppose -15*d + 70 = 1465. Let o = 2 + 73. Let j = o - d. Calculate the greatest common factor of j and 24.
24
Suppose -589*l - 25680 = -605*l. What is the greatest common divisor of l and 15?
15
Let r be (-4)/(-14) - 4/14. Let p = 3566 + -3540. Suppose r = -w + p - 11. What is the greatest common divisor of w and 60?
15
Suppose 55*k = -28390 + 30260. Let y = 175 - 90. Calculate the highest common divisor of k and y.
17
Suppose 5*d - 2*m - 107 = 0, 5*d - 2*m = -3*m + 119. What is the highest common factor of 2461 and d?
23
Let r(o) = -o**3 + 29*o**2 - 958*o + 26170. Let g be r(28). Let x be 50/(-4)*(-24)/10. What is the greatest common divisor of g and x?
10
Suppose 2*f - 192 = -q + 5*f, -394 = -2*q + f. Suppose -4*m + 350 + q = 4*i, 